{"id":78,"date":"2023-11-11T00:01:58","date_gmt":"2023-11-11T00:01:58","guid":{"rendered":"https:\/\/tienda.madredisidente.com\/?post_type=product&#038;p=78"},"modified":"2024-03-08T08:18:40","modified_gmt":"2024-03-08T08:18:40","slug":"areas-esenciales-de-la-maternidad","status":"publish","type":"product","link":"https:\/\/tienda.madredisidente.com\/index.php\/producto\/areas-esenciales-de-la-maternidad\/","title":{"rendered":"Audio in\u00e9dito: \u00c1reas esenciales de la maternidad"},"content":{"rendered":"<p>&nbsp;<\/p>\n<blockquote class=\"wp-block-quote\">\n<p class=\"has-large-font-size\"><strong>Este in\u00e9dito audio contiene much\u00edsimas cosas que me hubiera gustado tener o saber antes de <\/strong>ese d\u00eda en el que te conviertes en madre y tu vida cambia para siempre<\/p>\n<p><cite>Si lo hubiera sabido antes de quedarme embarazada hubiera sida ya la reostia&#8230;.<\/cite><\/p><\/blockquote>\n<p class=\"has-vivid-red-color has-text-color has-medium-font-size\"><strong>Muchas madres me han compartido que tambi\u00e9n.<\/strong><\/p>\n<blockquote class=\"wp-block-quote\">\n<div class=\"wp-block-group\">\n<h3 class=\"wp-block-heading has-medium-font-size\">B\u00e1sicamente comparto contigo como me di cuenta de que le estaba jodiendo la vida a mi hijo intentando hacer justo lo contrario y<\/h3>\n<h2 class=\"has-large-font-size\"><strong>Lo que hice para cambiarlo y que no se suele hacer a pesar de ser de sentido com\u00fan.<\/strong><\/h2>\n<\/div>\n<\/blockquote>\n<p>Por cierto, antes de seguir leyendo, este audio es para madres que NO quieren ser perfectas y que son conscientes que son personas que la pueden cagar.<\/p>\n<p>Y que sus hijos son ni\u00f1os que lloran, r\u00eden, gritan y se enfadan. Ni\u00f1os, no robots.<\/p>\n<p>Dicho esto:<\/p>\n<h3 class=\"wp-block-heading\"><strong>En el audio vas a encontrar <\/strong><\/h3>\n<ul>\n<li><strong>La raz\u00f3n por la que no estaba siendo capaz de ayudar a mi hijo<\/strong> y el porqu\u00e9, a pesar de todo lo que hab\u00eda aprendido, que no es poco\u2026 (maestra, master en neuropsicolog\u00eda c\u00ednica). Desgraciadamente <strong>es algo inevitable que hacemos, si nadie te lo cuenta. Inevitable.<\/strong><\/li>\n<\/ul>\n<ul>\n<li><strong>Lo que ocurre cuando eres madre<\/strong> (Y no hablo del estress, las prisas y la falta de sue\u00f1o y sexo) Eso ya lo sabes. Lo que te cuento yo es La causa principal por la que te saca de tus casillas las cosas que no te gustan que haga tu hijo . Comienza en el Minuto 3.20. Posiblemente digas Ostras!!!. Bueno, siendo sincera lo vas a decir justo antes de \u201cCo\u00f1o!!, si lo llego a saber antes\u201d. <strong>Lo dicho minuto 3:20<\/strong><\/li>\n<\/ul>\n<ul>\n<li><strong>Descubre <\/strong>cu\u00e1ndo aparecen los<strong> patrones inconscientes de nuestros padres<\/strong>, esos que NO queremos repetir\u2026 y la raz\u00f3n de por qu\u00e9 van aparecer si o s\u00ed, sinti\u00e9ndolo mucho .Y el <strong><em>paso imprescindible que tienes que dar para dejar de proyectar eso que NO quieres<\/em><\/strong> en tu hijo. Encuentras Todo esto hasta el minuto 5:00 m\u00e1s o menosss<\/li>\n<\/ul>\n<ul>\n<li><strong>Que error comet\u00ed cuando me di cuenta de todo esto y que solo empeor\u00f3 mas las cosas. Super super importante porque es muy habitual cometerlo<\/strong>.\u00a0 No es una forma de hablar. minuto 5:12 y siguientes. Justo ah\u00ed lo encuentras.<\/li>\n<\/ul>\n<ul>\n<li><strong>Lo que empieza a ocurrir cuando <\/strong>avanzas y conectas emocionamente con tu hijo de forma profunda<strong>. <\/strong>Cuando tomas consciencia de verdad\u00a0y sacas el foco de donde lo tienes ahora.. Ejemplo real dentro . <strong>Todo ello rematado con como hacer el cambio , como acogernos y dejar de proyectar nuestras mierdas en nuestros hijos<\/strong>. Minuto 5:40<\/li>\n<\/ul>\n<ul>\n<li><strong>Preguntas que te lanzo que suelen hacer boom a muchas cabezas. <\/strong>Dicho por las madres de mi membres\u00eda. Si las contestas de forma sincera ya s\u00f3lo con lo que puedes sacar vale m\u00e1s que lo que has invertido por este audio 3.0000.00000 de veces. <strong>Tambi\u00e9n te cuento lo que las madres descubren una vez las responden.<\/strong> Y de que va ser la madre y mujer que quieres ser, m\u00e1s all\u00e1 de etiquetitas postmodernas. \u00bfD\u00f3nde? en el minuto 7.05.<\/li>\n<\/ul>\n<ul>\n<li><strong>Lo que vas encontrar en el minuto 7:36.\u00a0 es algo con lo que vas a estar de acuerdo cuando lo escuches<\/strong>. Es Mi opini\u00f3n<strong>\u00a0nada convencional pero absurdamente de sentido com\u00fan<\/strong>\u00a0sobre el acompa\u00f1amiento, crianza o como quieras llamarlo que solemos hacer a nuestros hijos. El impacto que tiene. Y no solo para tu hijo. Lo que le estas trasmitiendo a tu hijo d\u00eda de hoy con esa forma de acompa\u00f1arle y\u00a0<strong>hace que el amor que quieras trasmitir a tu hijo quede relegado a un segundo plano<\/strong>. Dime que no es muy heavy. Recuerda minuto 7:36, para t\u00ed.<\/li>\n<\/ul>\n<ul>\n<li><strong>Una de las cosas a las que NO, repito NO dedicas tiempo y es algo tan tan b\u00e1sico, que te dar\u00e1n ganas de empezar hacerlo desde que los escuches y descubras lo que puedes conseguir cuando elimines las excusas que te pones.\u00a0<\/strong>Ponte el minuto 8.49 para escucharlo<\/li>\n<\/ul>\n<p>Y para terminar por si no fuera poco\u00a0<strong>te comparto los pilares esenciales a desarrollar para tener una maternidad sana y dejar de joder la vida a nuestros hijos .\u00a0<\/strong>\u00a0No los he descubierto al tun tun.\u00a0 Nacen de mi trabajo a lo largo de estos\u00a0 a\u00f1os trabajando con madres en su reconexi\u00f3n con ellas mismas y sus hijos. <strong>Broche final. Minuto 10:00 hasta el final del audio<\/strong>.<\/p>\n<p>Ahora es cuando si piensas que vale mucho el audio, te digo que estas en lo cierto y no deber\u00edas comprarlo.<\/p>\n<p>Para el resto:<\/p>\n<p>me gustar\u00eda que supierais que muchas madres gracias a lo que explico\u00a0 en este audio me han compartido que les ha servido para despertar y salir de la rueda de h\u00e1mster que era su vida y su maternidad, iniciando un bonito camino de reconexi\u00f3n con ellas mimas y con su hijo.<\/p>\n<p><strong>Hagas lo que hagas decide por ti misma. Es importante<\/strong><\/p>\n<h3><strong><a href=\"https:\/\/tienda.madredisidente.com\/index.php\/carrito\/?add-to-cart=78\">Lo compras pulsando aqu\u00ed<\/a><\/strong><\/h3>\n","protected":false},"excerpt":{"rendered":"<p>Si, este es el audio donde te explico porque queriendo acompa\u00f1ar a nuestros hijos les acabamos jodiendo la vida sin querer. (Yo lo hice la primera)<\/p>\n<p>&nbsp;<\/p>\n","protected":false},"featured_media":80,"comment_status":"closed","ping_status":"closed","template":"","meta":{"_acf_changed":false},"product_brand":[],"product_cat":[20],"product_tag":[],"class_list":{"0":"post-78","1":"product","2":"type-product","3":"status-publish","4":"has-post-thumbnail","6":"product_cat-audios","8":"first","9":"instock","10":"downloadable","11":"virtual","12":"sold-individually","13":"taxable","14":"purchasable","15":"product-type-simple"},"acf":[],"jetpack-related-posts":[],"jetpack_sharing_enabled":true,"_links":{"self":[{"href":"https:\/\/tienda.madredisidente.com\/index.php\/wp-json\/wp\/v2\/product\/78","targetHints":{"allow":["GET"]}}],"collection":[{"href":"https:\/\/tienda.madredisidente.com\/index.php\/wp-json\/wp\/v2\/product"}],"about":[{"href":"https:\/\/tienda.madredisidente.com\/index.php\/wp-json\/wp\/v2\/types\/product"}],"replies":[{"embeddable":true,"href":"https:\/\/tienda.madredisidente.com\/index.php\/wp-json\/wp\/v2\/comments?post=78"}],"wp:featuredmedia":[{"embeddable":true,"href":"https:\/\/tienda.madredisidente.com\/index.php\/wp-json\/wp\/v2\/media\/80"}],"wp:attachment":[{"href":"https:\/\/tienda.madredisidente.com\/index.php\/wp-json\/wp\/v2\/media?parent=78"}],"wp:term":[{"taxonomy":"product_brand","embeddable":true,"href":"https:\/\/tienda.madredisidente.com\/index.php\/wp-json\/wp\/v2\/product_brand?post=78"},{"taxonomy":"product_cat","embeddable":true,"href":"https:\/\/tienda.madredisidente.com\/index.php\/wp-json\/wp\/v2\/product_cat?post=78"},{"taxonomy":"product_tag","embeddable":true,"href":"https:\/\/tienda.madredisidente.com\/index.php\/wp-json\/wp\/v2\/product_tag?post=78"}],"curies":[{"name":"wp","href":"https:\/\/api.w.org\/{rel}","templated":true}]}}